vide 1564?
True
Is 24 a factor of 944?
False
Is 8 a factor of 8?
True
Is 360 a multiple of 12?
True
Is 390 a multiple of 8?
False
Is 6 a factor of 777?
False
Is 3256 a multiple of 37?
True
Does 3 divide 1773?
True
Is 12 a factor of 568?
False
Is 5 a factor of 263?
False
Is 65807 a multiple of 49?
True
Does 170 divide 19766?
False
Does 48 divide 858?
False
Is 583 a multiple of 14?
False
Is 1324 a multiple of 17?
False
Is 3481 a multiple of 58?
False
Is 8 a factor of 4384?
True
Is 6 a factor of 99?
False
Is 1019 a multiple of 26?
False
Is 392 a multiple of 14?
True
Is 3234 a multiple of 22?
True
Is 22536 a multiple of 41?
False
Is 8 a factor of 1128?
True
Is 45 a factor of 40986?
False
Is 1080 a multiple of 12?
True
Does 38 divide 11514?
True
Does 15 divide 33690?
True
Does 4 divide 108?
True
Is 65 a factor of 3640?
True
Does 18 divide 1404?
True
Is 211 a factor of 4642?
True
Is 5 a factor of 6258?
False
Is 60 a factor of 328?
False
Is 21 a factor of 210?
True
Does 29 divide 2842?
True
Is 5587 even?
False
Does 23 divide 2737?
True
Is 13 a factor of 36978?
False
Is 6 a factor of 72?
True
Is 15 a factor of 16215?
True
Is 798 a multiple of 14?
True
Is 1785 a multiple of 6?
False
Is 36 a multiple of 9?
True
Is 58212 a multiple of 66?
True
Is 41 a factor of 1107?
True
Is 4 a factor of 37?
False
Is 2253 a multiple of 4?
False
Is 110 even?
True
Is 23550 a multiple of 5?
True
Is 1651 a multiple of 43?
False
Is 28 a factor of 1784?
False
Is 3780 a multiple of 90?
True
Is 9918 a multiple of 18?
True
Is 56 a factor of 616?
True
Is 4 a factor of 56?
True
Is 5 a factor of 3370?
True
Is 97020 a multiple of 105?
True
Is 10 a factor of 480?
True
Is 38 a factor of 45562?
True
Is 15 a factor of 4815?
True
Is 6 a factor of 516?
True
Is 9 a factor of 28422?
True
Is 137 a factor of 3052?
False
Is 34 a factor of 9792?
True
Is 43 a factor of 2451?
True
Is 38 a factor of 392?
False
Does 78 divide 21528?
True
Is 13 a factor of 5486?
True
Is 19987 a multiple of 29?
False
Is 136 a multiple of 27?
False
Is 15 a factor of 36?
False
Is 1938 a multiple of 102?
True
Is 10 a factor of 217?
False
Is 1232 a multiple of 44?
True
Does 30 divide 50130?
True
Is 52 a multiple of 4?
True
Does 8 divide 288?
True
Is 21 a factor of 354?
False
Does 20 divide 1313?
False
Does 105 divide 657?
False
Is 32 a factor of 1438?
False
Is 51 a multiple of 17?
True
Is 14 a factor of 2842?
True
Does 47 divide 260?
False
Is 53 a factor of 738?
False
Is 61 a factor of 52053?
False
Does 79 divide 11202?
False
Is 25 a factor of 2125?
True
Is 976 a multiple of 8?
True
Is 218 a multiple of 7?
False
Is 252 a multiple of 6?
True
Is 23881 a multiple of 70?
False
Does 5 divide 42?
False
Does 18 divide 2587?
False
Is 33 a factor of 3300?
True
Is 31944 a multiple of 12?
True
Is 89 a factor of 18697?
False
Does 31 divide 1240?
True
Is 31 a factor of 1054?
True
Is 13 a factor of 5096?
True
Is 87 a factor of 10701?
True
Is 33800 a multiple of 169?
True
Does 85 divide 2532?
False
Is 955 a multiple of 5?
True
Does 19 divide 263?
False
Is 16 a factor of 592?
True
Is 953 a multiple of 28?
False
Does 172 divide 19608?
True
Does 59 divide 18349?
True
Is 2715 a multiple of 19?
False
Is 25848 a multiple of 72?
True
Does 7 divide 2716?
True
Is 61899 a multiple of 46?
False
Is 732 a multiple of 12?
True
Does 12 divide 1560?
True
Is 59 a factor of 9001?
False
Is 18 a factor of 3200?
False
Is 9 a factor of 468?
True
Does 7 divide 80?
False
Does 5 divide 2086?
False
Does 100 divide 6527?
False
Is 15 a factor of 132?
False
Is 23 a factor of 4419?
False
Is 1440 a multiple of 32?
True
Does 19 divide 73265?
False
Is 25384 a multiple of 167?
True
Is 4 a factor of 582?
False
Is 24 a factor of 96?
True
Is 133 a factor of 26046?
False
Does 21 divide 1321?
False
Does 8 divide 7344?
True
Does 68 divide 107945?
False
Is 1674 a multiple of 18?
True
Is 10 a factor of 550?
True
Does 13 divide 7137?
True
Is 8 a factor of 576?
True
Is 12 a factor of 661?
False
Does 12 divide 205?
False
Is 64 a factor of 18529?
False
Does 73 divide 11607?
True
Is 23 a factor of 1196?
True
Does 7 divide 47502?
True
Does 37 divide 1813?
True
Is 7616 a multiple of 64?
True
Is 14 a factor of 845?
False
Is 7854 a multiple of 33?
True
Is 57 a factor of 4560?
True
Is 6 a factor of 21907?
False
Is 18 a factor of 4025?
False
Is 224 a multiple of 28?
True
Is 5556 a multiple of 43?
False
Is 127 a multiple of 20?
False
Is 5600 a multiple of 20?
True
Does 25 divide 2050?
True
Is 2925 a multiple of 13?
True
Does 20 divide 80470?
False
Is 39 a factor of 1482?
True
Does 47 divide 10108?
False
Is 7459 a multiple of 5?
False
Is 464 a multiple of 5?
False
Is 12 a factor of 15300?
True
Is 156 a multiple of 10?
False
Does 306 divide 91278?
False
Is 71 a multiple of 4?
False
Is 50598 a multiple of 311?
False
Is 459 a multiple of 17?
True
Is 216 a factor of 9382?
False
Does 24 divide 963?
False
Is 54 a factor of 1566?
True
Is 14 a factor of 260?
False
Does 30 divide 390?
True
Does 5 divide 1507?
False
Is 4527 a multiple of 9?
True
Is 301 a multiple of 3?
False
Is 5325 a multiple of 71?
True
Is 4 a factor of 164?
True
Is 2828 a multiple of 7?
True
Is 3443 a multiple of 16?
False
Does 93 divide 372?
True
Does 3 divide 45?
True
Is 26 a factor of 520?
True
Does 96 divide 503?
False
Is 5 a factor of 135?
True
Is 7 a factor of 3180?
False
Is 16 a factor of 39456?
True
Does 69 divide 20217?
True
Is 29511 a multiple of 27?
True
Does 12 divide 2639?
False
Is 27720 a multiple of 36?
True
Is 101 a factor of 9898?
True
Is 58 a factor of 1276?
True
Is 16 a factor of 556?
False
Does 3 divide 63?
True
Is 31 a factor of 929?
False
Is 10 a factor of 8135?
False
Does 6 divide 757?
False
Is 38448 a multiple of 129?
False
Does 13 divide 143?
True
Is 20 a factor of 228?
False
Is 34672 a multiple of 197?
True
Is 62 a factor of 9982?
True
Is 746 a multiple of 43?
False
Is 15387 a multiple of 69?
True
Is 3421 a multiple of 39?
False
Is 25 a factor of 625?
True
Is 3261 a multiple of 7?
False
Is 9300 a multiple of 12?
True
Is 896 a multiple of 7?
True
Does 35 divide 630?
True
Is 2030 a multiple of 10?
True
Does 50 divide 206?
False
Is 7 a factor of 5278?
True
Is 66 a factor of 18414?
True
Is 14 a factor of 13482?
True
Is 8 a factor of 4453?
False
Does 82 divide 902?
True
Does 23 divide 72548?
False
Is 59 a multiple of 2?
False
Is 14 a factor of 2987?
False
Is 264 a multiple of 11?
True
Is 29 a multiple of 6?
False
Is 10 a factor of 1252?
False
Does 29 divide 290?
True
Is 746 a multiple of 4?
False
Is 13323 a multiple of 4?
False
Is 10820 a multiple of 8?
False
Is 8063 a multiple of 11?
True
Is 265 a factor of 8886?
False
Does 34 divide 25943?
False
Is 64 a factor of 7232?
True
Is 15 a factor of 59?
False
Is 375 a multiple of 15?
True
Is 3 a factor of 190?
False
Is 6449 even?
False
Is 20 a factor of 540?
True
Does 52 divide 10452?
True
Does 2 divide 81?
False
Does 2 divide 180?
True
Does 29 divide 1247?
True
Is 22 a factor of 15520?
False
Is 7562 a multiple of 3?
False
Does 73 divide 3650?
True
Does 22 divide 9240?
True
Is 5166 a multiple of 7?
True
Is 6282 a multiple of 73?
False
Does 229 divide 38930?
True
Is 6781 a multiple of 194?
False
Is 53 a multiple of 37?
False
Is 190 a multiple of 38?
True
Does 30 divide 233?
False
Is 3 a factor of 66?
True
Is 14257 a multiple of 10?
False
Is 4 a factor of 297?
False
Is 4365 a multiple of 3?
True
Is 84 a multiple of 6?
True
Is 10 a factor of 12365?
False
Is 3650 a multiple of 73?
True
Does 14 divide 756?
True
Is 2 a factor of 147?
False
Is 46 a factor of 8188?
True
Does 30 divide 48360?
True
Is 4320 a multiple of 108?
True
Does 24 divide 1320?
True
Is 213 a multiple of 20?
False
Is 23 a factor of 3151?
True
Does 5 divide 1645?
True
Does 272 divide 31824?
True
Is 16 a factor of 1920?
True
Is 1300 a multiple of 52?
True
Is 132 a multiple of 4?
True
Does 15 divide 809?
False
Is 507 a multiple of 39?
True
Is 39 a factor of 1287?
True
Does 26 divide 1248?
True
Does 10 divide 14865?
False
Is 861 a multiple of 41?
True
Is 12971 a multiple of 18?
False
Is 5 a factor of 360?
True
Is 122 a factor of 2773?
False
Does 71 divide 4310?
False
Is 60 even?
True
Is 598 a multiple of 26?
True
Is 2299 a multiple of 11?
True
Is 13 a factor of 871?
True
Is 987 a multiple of 53?
False
